 q = 11 - 6. Let g(l) = q*a(l) - 4*o(l). Determine g(4).
5
Suppose -5*r = 25, -21*r = -3*z - 19*r + 10. Let u(v) = -v**2 + v - 32. Calculate u(z).
-32
Let x = 305 + -310. Let r(d) be the third derivative of 0*d - 1/8*d**4 - 1/2*d**3 + 0 - 2*d**2. Determine r(x).
12
Let m(l) = -l. Suppose -2*g - 2 + 10 = 0. Let q(p) = p**3 + 14*p**2 + 14*p + 15. Let a be q(-13). Suppose -a*v = -2 + g. What is m(v)?
1
Suppose r - 4 + 2 = 0. Let u(o) = 7*o + 21 - 9 - 13 - 2*o**r + o**2. Determine u(5).
9
Suppose 3*g = 2*g. Let h(c) = c**2 - 3*c + 4. Let v be h(g). Let w(m) = 8*m + 2. Let j(p) = -4*p - 1. Let x(b) = v*w(b) + 7*j(b). Calculate x(3).
13
Let j(b) be the third derivative of b**6/120 + b**5/12 + b**4/6 + 5*b**3/6 - b**2. Let m = -3 - -7. Let f = 0 - m. Calculate j(f).
5
Let n = 289 - 281. Let m(r) = -r**3 + 8*r**2 + r. Calculate m(n).
8
Let s(q) = -q - 4. Let r = -366 + 248. Let m = r - -112. Determine s(m).
2
Let s(w) be the third derivative of -w**5/60 + 7*w**4/12 - w**3/2 + 721*w**2. Determine s(15).
-18
Let n = -10 - -14. Suppose 0 = b - n + 6. Let x(t) = 3*t**3 + 2*t**2 - t - 2. Calculate x(b).
-16
Let p(b) = -3*b**3 + 10*b**2 + 32*b + 12. Let s(z) = -z**3 + 3*z**2 + 12*z + 4. Let j(o) = 3*p(o) - 8*s(o). What is j(5)?
29
Let z be (-15 + 12)/((-6)/8). Let t be 2/(z/22 - (-16)/33). Let r(u) = 2*u + 1 + 0 - 3*u. What is r(t)?
-2
Let l = -14 + 12. Let x(r) = r**3 + 2*r**2 - 3*r - 5. Let a be x(l). Let d(y) = -12*y - 1. Determine d(a).
-13
Let x(d) be the first derivative of 3*d**2 - 1/3*d**3 - 1 - 6*d. Determine x(5).
-1
Let u(m) be the second derivative of -m**3/6 + 4*m - 13. Give u(8).
-8
Let f(d) = d + 5. Let n(t) = -t - 4. Let o(x) = 3*f(x) + 2*n(x). Suppose 48*i - 55*i = 42. Calculate o(i).
1
Let j(p) be the third derivative of -1/60*p**5 + 0 + 0*p**4 + 0*p + 12*p**2 - 5/2*p**3. Determine j(0).
-15
Let v(n) = n - 9. Suppose 0*m = c + 2*m - 17, -65 = -3*c + m. Suppose -5*i = -8*i + c. Calculate v(i).
-2
Let b(q) = -q**3 + 8*q**2 + 8*q - 8. Suppose 8*d = 25*d - 153. What is b(d)?
-17
Let b(m) = -m**3 - 12*m**2 + 12*m - 5. Let k be b(-13). Suppose q + k = 5*l, -5 = -5*q + 5. Let s(h) = -4 - 4*h**2 - l*h**3 + 2*h**3 - h**3. Calculate s(-4).
-4
Let s(j) = -45*j - 16*j**2 - 28 - 6 - 2. Let x(r) = -3*r**2 - 9*r - 7. Let n(i) = -2*s(i) + 11*x(i). Calculate n(-8).
3
Let w(h) = -h**3 - 3*h**2 - 2*h - 2. Let q(c) = c**2 - 11*c - 11. Let i be q(13). Let p = i + -12. Suppose -p = z - 0*z. Determine w(z).
4
Let q(u) = -5*u - 6. Let g = -88 - -92. Suppose -19 + 3 = g*s. Determine q(s).
14
Let c(s) = 20*s - 14*s + 4 - 16*s + 9*s. Let t = 2 + -2. Let z = t - -5. What is c(z)?
-1
Let p(t) = -7*t - 16. Let z(g) = -15*g - 33. Let o(r) = -13*p(r) + 6*z(r). Suppose 0 = -93*d + 124*d. What is o(d)?
10
Let k(h) = -3*h**2 - 3*h - 4. Let n be 1 + -2 + -11 + 2 + 6. Give k(n).
-40
Let j be 90*(2 - (5 - 2)). Let q be (-108)/j*(-5)/(-2). Suppose -5*x = -q*r - 8 + 30, -5*r = 2*x + 15. Let h(w) = -7*w. Give h(r).
7
Let g be ((-6)/(-4))/((-2)/(-4)). Let t = -83 - -87. Let x(s) = -t*s + 4 - 7 + s + s. Determine x(g).
-9
Let x(p) be the third derivative of -p**5/60 + 5*p**4/24 - p**3/6 + p**2. Let s = 157 - 157. Suppose s = -t + 2*t - 2*r, 24 = 5*t - 2*r. Determine x(t).
-7
Let t(p) = 0 + 2 - p - 2. Give t(-3).
3
Let j(z) be the second derivative of z**3/6 + 3*z**2/2 + 2*z. Let v = 75 + -70. Suppose -2*y - g + 2 = -y, 0 = -y - v*g + 10. Calculate j(y).
3
Let h = 6 - -9. Suppose 4*i + 11 = -5*l, -3*l + i + h = -2*i. Let s(m) = 7*m**2 - 5*m**2 + 0*m**2 + 4*m**2 - 1. Give s(l).
5
Let r(t) = t**2 - 4*t + 3. Suppose 0 = -i + 16*i - 30. Give r(i).
-1
Let j(c) = c**2 + 1 + 4 - 11*c**2 + 15*c + 6 + c**3 - 5. Calculate j(8).
-2
Let d(z) = -6*z - 11. Let h be (-6)/(3/(-12) - -1). Determine d(h).
37
Let q(h) = -2*h - 2. Suppose 3*i + 0*i = 4*b + 23, 5 = 3*i + 5*b. Suppose -i*t - 13 = 12. Determine q(t).
8
Let u(q) = 4*q**3. Suppose -2*t = -h + 29, 5*h + 4*t - 145 = t. Let n = 28 - h. What is u(n)?
-4
Suppose -2*c + z = -2*z - 20, c - 8 = z. Let m be (6 + 0)/(-3)*-3. Suppose -m = -c*g - 34. Let h(x) = -2*x - 8. Determine h(g).
6
Let n(t) = -t**2 + 4*t + 3. Let r be n(4). Suppose -5*s = -2*s - r. Let k(a) = 13*a - 22*a + 1 - 1. Calculate k(s).
-9
Let x(k) be the first derivative of 2*k**3/3 - 12*k**2 + 25*k - 167. Give x(11).
3
Let l(v) be the third derivative of -v**6/60 + v**5/12 + v**4/12 + v**3/6 - 135*v**2. Give l(4).
-39
Let w(y) = y + 13. Suppose -7 = 4*z - 3*z. Let l be w(z). Suppose -8*a + 4 = -l*a. Let c(u) = 3*u**2 - 3*u + 3. Determine c(a).
9
Suppose -49 = 55*a - 48*a. Let w(l) = l**2 + 7*l + 2. What is w(a)?
2
Let b(k) = k - 9. Let r = -33 + 39. Let n = 10 - r. Suppose -3*y + n = -2*y. Calculate b(y).
-5
Let a = 5 - -2. Let x be (-2)/(-4)*28/a. Suppose x*q - 5*q + 3 = 0. Let y(b) = -7*b. Calculate y(q).
-7
Suppose 0 = -5*m - 3*t + 19 + 41, -36 = -3*m + 2*t. Let w be (m - 9) + (1 - 1). Let k(v) = -v**3 + 3*v**2 + 2*v + 1. Calculate k(w).
7
Let k(i) be the first derivative of 2*i**3/3 - 3*i**2/2 + 3*i - 213. Calculate k(3).
12
Let f(z) = z**3 - 6*z**2 + z + 2. Let l = 456 - 450. Give f(l).
8
Let x(l) be the third derivative of -l**6/8 + l**5/30 - l**3/6 - 105*l**2. Determine x(-1).
16
Let q(d) = d**3 + 2*d**2 + 5. Suppose -9*a + 60 = -24*a. Calculate q(a).
-27
Suppose 20 = 4*p - 0*p. Let y(g) = 4*g**2 + 1 - g**3 + 0 + 9*g - 7 - 4*g. What is y(p)?
-6
Let s be (92/(-5))/4 + (-16)/40. Let r(l) = l**3 + 5*l**2 - 5*l + 1. Give r(s).
26
Let w(n) = n**2 + 10*n + 14. Let s = -943 - -935. Calculate w(s).
-2
Let w(t) = t**3 + 3*t**2 - t + 23. Let x be w(-4). Let z(y) = y**3 - 11*y**2 - 2*y + 10. Give z(x).
-12
Let g(h) = 6*h**3 + 2*h**2 - 1. Let s be g(1). Suppose 6 - 10 = -2*f. Let n(u) = 1 - 7 - u - 6 + f*u. Give n(s).
-5
Suppose 70 = -n + 74. Let y(v) = 10*v - 6. What is y(n)?
34
Suppose -2*p - 3*m = -21, -2*p - 4 = -5*p + m. Suppose p*x - 9 - 10 = -4*a, 3*a = -5*x + 17. Let j(r) = -r**3 + 3*r**2 + r - 5. Give j(a).
-17
Let z(l) = l**2 - 8*l - 4. Suppose -658 = -3*v - 64. Suppose 5*o - v = 222. Let m be (4/(-6))/((-8)/o). Calculate z(m).
-11
Let q(u) be the first derivative of -u**3/2 + 2*u**2 + 14*u + 2. Let l(v) be the first derivative of q(v). Suppose 16 = 2*o + 2*o. Give l(o).
-8
Let f(y) = 16*y - 10. Let u(w) = 5*w - 3. Let h(n) = -2*f(n) + 7*u(n). Suppose 0 = s - 2*b + 40, 0 = 7*s - 2*s + 2*b + 260. Let m = -49 - s. Give h(m).
2
Let l be (-28)/6 + 4/6. Let d(j) = 5*j + 1. Let s(z) = -z - 1. Let q(o) = l*s(o) - d(o). Give q(-6).
9
Let n(y) = y**2 + 4. Let q be n(2). Let l(h) = 0*h - q - h + 2*h. Calculate l(6).
-2
Let d(p) = p**2 - 6*p + 2. Let v be d(4). Let l(o) = 9*o + 12. Let c(s) = -s + 6. Let t be c(3). Let i(k) = 5*k + 6. Let g(y) = t*l(y) - 5*i(y). What is g(v)?
-6
Let z(h) be the second derivative of 13*h**4/12 - h**2/2 - 343*h. Let v be -3 + 2 - (0 + -2). What is z(v)?
12
Let w(l) = -l**3 + 4*l**2 + 3*l - 6. Let a be w(5). Let p(m) = -4*m - 59. Let x be p(a). Let y(j) = -2*j + 2. Determine y(x).
-8
Suppose -m + 19 = 20. Let q(j) be the second derivative of -9*j**5/10 + j**4/12 + j**3/6 + 10*j. Calculate q(m).
18
Let n(k) = 5*k + 13. Suppose 0 = -691*l + 685*l - 18. Give n(l).
-2
Let r(t) = t + 3. Let u(l) = l**2 + 9*l + 28. Let w be u(10). Suppose w = -3*h + 227. Give r(h).
6
Let f(c) = -c**2 + 7*c + 3. Suppose 5*h + 16 = -o, -4*o + o + 20 = -2*h. Suppose 6 - 1 = -x - 3*w, 0 = o*x - 4*w - 44. Calculate f(x).
3
Let p(f) be the third derivative of f**5/60 + f**4/6 - f**3/2 + 3*f**2 + 1. What is p(-4)?
-3
Let x(j) = j**2 - 6. Let w(l) = 2*l. Let a(t) = 5*w(t) + x(t). Suppose -2*g = 6, 2*g + 47 = -4*s + g. Calculate a(s).
5
Let b(u) be the second derivative of -1/12*u**4 - 1/60*u**5 - 5/6*u**3 + 0 + 0*u**2 - 6*u. Let g(l) be the second derivative of b(l). What is g(-2)?
2
Suppose 69*s = 84*s - 90. Let b(v) = -2 - 7*v + 7 - 5*v**2 + v**3 + 4. Give b(s).
3
Let w(v) be the third derivative of v**4/24 - 4*v**3/3 - 126*v**2. What is w(10)?
2
Suppose d - 5*d = 36. Let m(j) be the second derivative of j**5/20 + 2*j**4/3 - 5*j**3/3 - j**2 + 2*j + 1. Calculate m(d).
7
Let i be -4*(18/4 - 3). Let h(y) = y - 2. Give h(i).
-8
Let v(n) be the second derivative of -n**6/720 + n**5/120 - n**4/4 + 2*n - 12. Let m(b) be the third derivative of v(b). Let x = 16 + -22. Give m(x).
7
Let n(x) =